Dec 02 15:12:25.039 INFO testing strip-ansi-escapes-0.1.0 against master#8940af3cea4a9a9deabcaf843b2f8cad9a83fc61 for beta-1.31-5
Dec 02 15:12:25.039 INFO running `"docker" "create" "-v" "/mnt/big/crater/work/local/target-dirs/beta-1.31-5/worker-6/master#8940af3cea4a9a9deabcaf843b2f8cad9a83fc61:/target:rw,Z" "-v" "/mnt/big/crater/work/local/test-source/worker-6/beta-1.31-5/master#8940af3cea4a9a9deabcaf843b2f8cad9a83fc61:/source:ro,Z" "-v" "/mnt/big/crater/work/local/cargo-home:/cargo-home:ro,Z" "-v" "/mnt/big/crater/work/local/rustup-home:/rustup-home:ro,Z" "-e" "USER_ID=1000" "-e" "SOURCE_DIR=/source" "-e" "USER_ID=1000" "-e" "CMD=cargo +8940af3cea4a9a9deabcaf843b2f8cad9a83fc61-alt build --frozen" "-e" "CARGO_TARGET_DIR=/target" "-e" "CARGO_INCREMENTAL=0" "-e" "RUST_BACKTRACE=full" "-e" "RUSTFLAGS=--cap-lints=warn" "-e" "CARGO_HOME=/cargo-home" "-e" "RUSTUP_HOME=/rustup-home" "-m" "1536M" "--network" "none" "crater"`
Dec 02 15:12:25.643 INFO [stdout] 6b2b6c86531aac3756f7569eea26299cc746c9c88791021669b8144c47fa5a09
Dec 02 15:12:25.651 INFO running `"docker" "start" "-a" "6b2b6c86531aac3756f7569eea26299cc746c9c88791021669b8144c47fa5a09"`
Dec 02 15:12:26.811 INFO [stderr] usermod: no changes
Dec 02 15:12:26.899 INFO [stderr]    Compiling vte v0.3.3
Dec 02 15:12:27.325 INFO [stderr]    Compiling strip-ansi-escapes v0.1.0 (/source)
Dec 02 15:12:28.100 INFO [stderr]     Finished dev [unoptimized + debuginfo] target(s) in 1.26s
Dec 02 15:12:28.102 INFO [stderr] su: No module specific data is present
Dec 02 15:12:29.382 INFO running `"docker" "inspect" "6b2b6c86531aac3756f7569eea26299cc746c9c88791021669b8144c47fa5a09"`
Dec 02 15:12:29.785 INFO running `"docker" "rm" "-f" "6b2b6c86531aac3756f7569eea26299cc746c9c88791021669b8144c47fa5a09"`
Dec 02 15:12:30.187 INFO [stdout] 6b2b6c86531aac3756f7569eea26299cc746c9c88791021669b8144c47fa5a09
Dec 02 15:12:30.195 INFO running `"docker" "create" "-v" "/mnt/big/crater/work/local/target-dirs/beta-1.31-5/worker-6/master#8940af3cea4a9a9deabcaf843b2f8cad9a83fc61:/target:rw,Z" "-v" "/mnt/big/crater/work/local/test-source/worker-6/beta-1.31-5/master#8940af3cea4a9a9deabcaf843b2f8cad9a83fc61:/source:ro,Z" "-v" "/mnt/big/crater/work/local/cargo-home:/cargo-home:ro,Z" "-v" "/mnt/big/crater/work/local/rustup-home:/rustup-home:ro,Z" "-e" "USER_ID=1000" "-e" "SOURCE_DIR=/source" "-e" "USER_ID=1000" "-e" "CMD=cargo +8940af3cea4a9a9deabcaf843b2f8cad9a83fc61-alt test --frozen --no-run" "-e" "CARGO_TARGET_DIR=/target" "-e" "CARGO_INCREMENTAL=0" "-e" "RUST_BACKTRACE=full" "-e" "RUSTFLAGS=--cap-lints=warn" "-e" "CARGO_HOME=/cargo-home" "-e" "RUSTUP_HOME=/rustup-home" "-m" "1536M" "--network" "none" "crater"`
Dec 02 15:12:30.665 INFO [stdout] 49a1f59cb764492bfd97622c9768c7943b97e09c40017420c7d8de54c31d31ee
Dec 02 15:12:30.667 INFO running `"docker" "start" "-a" "49a1f59cb764492bfd97622c9768c7943b97e09c40017420c7d8de54c31d31ee"`
Dec 02 15:12:33.015 INFO [stderr] usermod: no changes
Dec 02 15:12:33.090 INFO [stderr]    Compiling strip-ansi-escapes v0.1.0 (/source)
Dec 02 15:12:36.153 INFO [stderr]     Finished dev [unoptimized + debuginfo] target(s) in 3.11s
Dec 02 15:12:36.156 INFO [stderr] su: No module specific data is present
Dec 02 15:12:37.412 INFO running `"docker" "inspect" "49a1f59cb764492bfd97622c9768c7943b97e09c40017420c7d8de54c31d31ee"`
Dec 02 15:12:37.787 INFO running `"docker" "rm" "-f" "49a1f59cb764492bfd97622c9768c7943b97e09c40017420c7d8de54c31d31ee"`
Dec 02 15:12:38.147 INFO [stdout] 49a1f59cb764492bfd97622c9768c7943b97e09c40017420c7d8de54c31d31ee
Dec 02 15:12:38.153 INFO running `"docker" "create" "-v" "/mnt/big/crater/work/local/target-dirs/beta-1.31-5/worker-6/master#8940af3cea4a9a9deabcaf843b2f8cad9a83fc61:/target:rw,Z" "-v" "/mnt/big/crater/work/local/test-source/worker-6/beta-1.31-5/master#8940af3cea4a9a9deabcaf843b2f8cad9a83fc61:/source:ro,Z" "-v" "/mnt/big/crater/work/local/cargo-home:/cargo-home:ro,Z" "-v" "/mnt/big/crater/work/local/rustup-home:/rustup-home:ro,Z" "-e" "USER_ID=1000" "-e" "SOURCE_DIR=/source" "-e" "USER_ID=1000" "-e" "CMD=cargo +8940af3cea4a9a9deabcaf843b2f8cad9a83fc61-alt test --frozen" "-e" "CARGO_TARGET_DIR=/target" "-e" "CARGO_INCREMENTAL=0" "-e" "RUST_BACKTRACE=full" "-e" "RUSTFLAGS=--cap-lints=warn" "-e" "CARGO_HOME=/cargo-home" "-e" "RUSTUP_HOME=/rustup-home" "-m" "1536M" "--network" "none" "crater"`
Dec 02 15:12:38.516 INFO [stdout] 7f241f6f47545504f180939351a9a7b0f4896da78fa13abb653a3b65fc7be8bb
Dec 02 15:12:38.518 INFO running `"docker" "start" "-a" "7f241f6f47545504f180939351a9a7b0f4896da78fa13abb653a3b65fc7be8bb"`
Dec 02 15:12:40.367 INFO [stderr] usermod: no changes
Dec 02 15:12:40.459 INFO [stderr]     Finished dev [unoptimized + debuginfo] target(s) in 0.03s
Dec 02 15:12:40.467 INFO [stderr]      Running /target/debug/deps/strip_ansi_escapes-7dbda073b0106e72
Dec 02 15:12:40.491 INFO [stdout] 
Dec 02 15:12:40.491 INFO [stdout] running 4 tests
Dec 02 15:12:40.491 INFO [stdout] test tests::test_newlines ... ok
Dec 02 15:12:40.491 INFO [stdout] test tests::test_simple ... ok
Dec 02 15:12:40.491 INFO [stdout] test tests::test_escapes_newlines ... ok
Dec 02 15:12:40.531 INFO [stdout] 
Dec 02 15:12:40.531 INFO [stdout] running 2 tests
Dec 02 15:12:41.931 INFO [stdout] test README.md - Examples (line 12) ... FAILED
Dec 02 15:12:41.931 INFO [stdout] test README.md - Examples (line 31) ... FAILED
Dec 02 15:12:41.931 INFO [stdout] 
Dec 02 15:12:41.931 INFO [stdout] failures:
Dec 02 15:12:41.931 INFO [stdout] 
Dec 02 15:12:41.931 INFO [stdout] ---- README.md - Examples (line 12) stdout ----
Dec 02 15:12:41.931 INFO [stdout] error[E0464]: multiple matching crates for `strip_ansi_escapes`
Dec 02 15:12:41.931 INFO [stdout]  --> README.md:13:1
Dec 02 15:12:41.931 INFO [stdout]   |
Dec 02 15:12:41.931 INFO [stdout] 2 | extern crate strip_ansi_escapes;
Dec 02 15:12:41.931 INFO [stdout]   | ^^^^^^^^^^^^^^^^^^^^^^^^^^^^^^^^
Dec 02 15:12:41.932 INFO [stdout]   |
Dec 02 15:12:41.932 INFO [stdout]   = note: candidates:
Dec 02 15:12:41.932 INFO [stdout]           crate `strip_ansi_escapes`: /target/debug/deps/libstrip_ansi_escapes-005616e2b00b0c77.rlib
Dec 02 15:12:41.932 INFO [stdout]           crate `strip_ansi_escapes`: /target/debug/deps/libstrip_ansi_escapes-ea53e9e483fa4a67.rlib
Dec 02 15:12:41.932 INFO [stdout] 
Dec 02 15:12:41.932 INFO [stdout] error[E0463]: can't find crate for `strip_ansi_escapes`
Dec 02 15:12:41.932 INFO [stdout]  --> README.md:13:1
Dec 02 15:12:41.932 INFO [stdout]   |
Dec 02 15:12:41.932 INFO [stdout] 2 | extern crate strip_ansi_escapes;
Dec 02 15:12:41.932 INFO [stdout]   | ^^^^^^^^^^^^^^^^^^^^^^^^^^^^^^^^ can't find crate
Dec 02 15:12:41.932 INFO [stdout] 
Dec 02 15:12:41.932 INFO [stdout] thread 'README.md - Examples (line 12)' panicked at 'couldn't compile the test', librustdoc/test.rs:332:13
Dec 02 15:12:41.932 INFO [stdout] stack backtrace:
Dec 02 15:12:41.932 INFO [stdout]    0:     0x7f3f9bd5b90f - std::sys::unix::backtrace::tracing::imp::unwind_backtrace::h3a8b83e1922cbdde
Dec 02 15:12:41.932 INFO [stdout]                                at libstd/sys/unix/backtrace/tracing/gcc_s.rs:49
Dec 02 15:12:41.932 INFO [stdout]    1:     0x7f3f9bd40897 - std::sys_common::backtrace::print::h00d3155a29b4020f
Dec 02 15:12:41.932 INFO [stdout]                                at libstd/sys_common/backtrace.rs:71
Dec 02 15:12:41.932 INFO [stdout]                                at libstd/sys_common/backtrace.rs:59
Dec 02 15:12:41.932 INFO [stdout]    2:     0x7f3f9bd66cef - std::panicking::default_hook::{{closure}}::hd7465c742e79e1bb
Dec 02 15:12:41.932 INFO [stdout]                                at libstd/panicking.rs:211
Dec 02 15:12:41.932 INFO [stdout]    3:     0x7f3f9bd669ee - std::panicking::default_hook::h9e3966f2aa2a6e12
Dec 02 15:12:41.932 INFO [stdout]                                at libstd/panicking.rs:221
Dec 02 15:12:41.932 INFO [stdout]    4:     0x7f3f9def1951 - rustc::util::common::panic_hook::h27965632b67fe74e
Dec 02 15:12:41.932 INFO [stdout]    5:     0x7f3f9bd674e6 - std::panicking::rust_panic_with_hook::h587f091ae747d080
Dec 02 15:12:41.932 INFO [stdout]                                at libstd/panicking.rs:480
Dec 02 15:12:41.932 INFO [stdout]    6:     0x557dfe31fb17 - std::panicking::begin_panic::hcef7ac517f7efe0f
Dec 02 15:12:41.932 INFO [stdout]                                at libstd/panicking.rs:410
Dec 02 15:12:41.932 INFO [stdout]    7:     0x557dfe4b3cc7 - <rustdoc::test::Collector as rustdoc::test::Tester>::add_test::{{closure}}::{{closure}}::{{closure}}::h1a7d462b7674a13e
Dec 02 15:12:41.932 INFO [stdout]                                at librustdoc/test.rs:332
Dec 02 15:12:41.932 INFO [stdout]                                at librustdoc/test.rs:596
Dec 02 15:12:41.932 INFO [stdout]    8:     0x557dfe4691f8 - <scoped_tls::ScopedKey<T>>::set::h9a299037e2efdd79
Dec 02 15:12:41.932 INFO [stdout]                                at /cargo/registry/src/github.com-1ecc6299db9ec823/scoped-tls-0.1.2/src/lib.rs:155
Dec 02 15:12:41.932 INFO [stdout]                                at libsyntax/lib.rs:106
Dec 02 15:12:41.932 INFO [stdout]                                at /cargo/registry/src/github.com-1ecc6299db9ec823/scoped-tls-0.1.2/src/lib.rs:155
Dec 02 15:12:41.932 INFO [stdout]    9:     0x557dfe26d601 - syntax::with_globals::hc9a23e436a64729f
Dec 02 15:12:41.932 INFO [stdout]                                at libsyntax/lib.rs:105
Dec 02 15:12:41.932 INFO [stdout]   10:     0x557dfe31fdbb - std::panicking::try::do_call::hd95e3a92339aa7c0
Dec 02 15:12:41.932 INFO [stdout]                                at librustdoc/test.rs:593
Dec 02 15:12:41.932 INFO [stdout]                                at libstd/panic.rs:313
Dec 02 15:12:41.932 INFO [stdout]                                at libstd/panicking.rs:310
Dec 02 15:12:41.932 INFO [stdout]   11:     0x7f3f9bd74cd9 - __rust_maybe_catch_panic
Dec 02 15:12:41.932 INFO [stdout]                                at libpanic_unwind/lib.rs:102
Dec 02 15:12:41.932 INFO [stdout]   12:     0x557dfe342f49 - rustc_driver::in_named_rustc_thread::h5d5326e5f9843b1f
Dec 02 15:12:41.932 INFO [stdout]                                at libstd/panicking.rs:289
Dec 02 15:12:41.932 INFO [stdout]                                at libstd/panic.rs:392
Dec 02 15:12:41.932 INFO [stdout]                                at librustc_driver/lib.rs:1546
Dec 02 15:12:41.932 INFO [stdout]   13:     0x557dfe481eb0 - <F as alloc::boxed::FnBox<A>>::call_box::h85b70bbf522f8d35
Dec 02 15:12:41.932 INFO [stdout]                                at librustdoc/test.rs:593
Dec 02 15:12:41.932 INFO [stdout]                                at liballoc/boxed.rs:672
Dec 02 15:12:41.932 INFO [stdout]   14:     0x7f3f9d3d6022 - <F as alloc::boxed::FnBox<A>>::call_box::h37f4bb882553d58c
Dec 02 15:12:41.932 INFO [stdout]                                at libtest/lib.rs:1461
Dec 02 15:12:41.932 INFO [stdout]                                at liballoc/boxed.rs:672
Dec 02 15:12:41.932 INFO [stdout]   15:     0x7f3f9bd74cd9 - __rust_maybe_catch_panic
Dec 02 15:12:41.932 INFO [stdout]                                at libpanic_unwind/lib.rs:102
Dec 02 15:12:41.932 INFO [stdout]   16:     0x7f3f9d3fe462 - std::sys_common::backtrace::__rust_begin_short_backtrace::hb8f0d0309526c184
Dec 02 15:12:41.932 INFO [stdout]                                at libstd/panicking.rs:289
Dec 02 15:12:41.932 INFO [stdout]                                at libstd/panic.rs:392
Dec 02 15:12:41.932 INFO [stdout]                                at libtest/lib.rs:1423
Dec 02 15:12:41.932 INFO [stdout]                                at libstd/sys_common/backtrace.rs:136
Dec 02 15:12:41.932 INFO [stdout]   17:     0x7f3f9d3ff204 - std::panicking::try::do_call::hc2f7c8b9a348d8db
Dec 02 15:12:41.932 INFO [stdout]                                at libstd/thread/mod.rs:409
Dec 02 15:12:41.932 INFO [stdout]                                at libstd/panic.rs:313
Dec 02 15:12:41.932 INFO [stdout]                                at libstd/panicking.rs:310
Dec 02 15:12:41.932 INFO [stdout]   18:     0x7f3f9bd74cd9 - __rust_maybe_catch_panic
Dec 02 15:12:41.932 INFO [stdout]                                at libpanic_unwind/lib.rs:102
Dec 02 15:12:41.932 INFO [stdout]   19:     0x7f3f9d3e794c - <F as alloc::boxed::FnBox<A>>::call_box::h6bfded618e480b32
Dec 02 15:12:41.932 INFO [stdout]                                at libstd/panicking.rs:289
Dec 02 15:12:41.932 INFO [stdout]                                at libstd/panic.rs:392
Dec 02 15:12:41.932 INFO [stdout]                                at libstd/thread/mod.rs:408
Dec 02 15:12:41.932 INFO [stdout]                                at liballoc/boxed.rs:672
Dec 02 15:12:41.932 INFO [stdout]   20:     0x7f3f9bd61c9d - std::sys_common::thread::start_thread::h4c28257d67cdf9cb
Dec 02 15:12:41.932 INFO [stdout]                                at liballoc/boxed.rs:682
Dec 02 15:12:41.932 INFO [stdout]                                at libstd/sys_common/thread.rs:24
Dec 02 15:12:41.932 INFO [stdout]   21:     0x7f3f9bd374d5 - std::sys::unix::thread::Thread::new::thread_start::hfecb2e7eff8fd34f
Dec 02 15:12:41.932 INFO [stdout]                                at libstd/sys/unix/thread.rs:90
Dec 02 15:12:41.932 INFO [stdout]   22:     0x7f3f9b8c36b9 - start_thread
Dec 02 15:12:41.932 INFO [stdout]   23:     0x7f3f9b3e341c - clone
Dec 02 15:12:41.932 INFO [stdout]   24:                0x0 - <unknown>
Dec 02 15:12:41.932 INFO [stdout] query stack during panic:
Dec 02 15:12:41.932 INFO [stdout] end of query stack
Dec 02 15:12:41.932 INFO [stdout] 
Dec 02 15:12:41.932 INFO [stdout] ---- README.md - Examples (line 31) stdout ----
Dec 02 15:12:41.932 INFO [stdout] error[E0464]: multiple matching crates for `strip_ansi_escapes`
Dec 02 15:12:41.932 INFO [stdout]  --> README.md:32:1
Dec 02 15:12:41.932 INFO [stdout]   |
Dec 02 15:12:41.932 INFO [stdout] 2 | extern crate strip_ansi_escapes;
Dec 02 15:12:41.932 INFO [stdout]   | ^^^^^^^^^^^^^^^^^^^^^^^^^^^^^^^^
Dec 02 15:12:41.933 INFO [stdout]   |
Dec 02 15:12:41.933 INFO [stdout]   = note: candidates:
Dec 02 15:12:41.933 INFO [stdout]           crate `strip_ansi_escapes`: /target/debug/deps/libstrip_ansi_escapes-005616e2b00b0c77.rlib
Dec 02 15:12:41.933 INFO [stdout]           crate `strip_ansi_escapes`: /target/debug/deps/libstrip_ansi_escapes-ea53e9e483fa4a67.rlib
Dec 02 15:12:41.933 INFO [stdout] 
Dec 02 15:12:41.933 INFO [stdout] error[E0463]: can't find crate for `strip_ansi_escapes`
Dec 02 15:12:41.933 INFO [stdout]  --> README.md:32:1
Dec 02 15:12:41.933 INFO [stdout]   |
Dec 02 15:12:41.933 INFO [stdout] 2 | extern crate strip_ansi_escapes;
Dec 02 15:12:41.933 INFO [stdout]   | ^^^^^^^^^^^^^^^^^^^^^^^^^^^^^^^^ can't find crate
Dec 02 15:12:41.933 INFO [stdout] 
Dec 02 15:12:41.933 INFO [stdout] thread 'README.md - Examples (line 31)' panicked at 'couldn't compile the test', librustdoc/test.rs:332:13
Dec 02 15:12:41.933 INFO [stdout] stack backtrace:
Dec 02 15:12:41.933 INFO [stdout]    0:     0x7f3f9bd5b90f - std::sys::unix::backtrace::tracing::imp::unwind_backtrace::h3a8b83e1922cbdde
Dec 02 15:12:41.933 INFO [stdout]                                at libstd/sys/unix/backtrace/tracing/gcc_s.rs:49
Dec 02 15:12:41.933 INFO [stdout]    1:     0x7f3f9bd40897 - std::sys_common::backtrace::print::h00d3155a29b4020f
Dec 02 15:12:41.933 INFO [stdout]                                at libstd/sys_common/backtrace.rs:71
Dec 02 15:12:41.933 INFO [stdout]                                at libstd/sys_common/backtrace.rs:59
Dec 02 15:12:41.933 INFO [stdout]    2:     0x7f3f9bd66cef - std::panicking::default_hook::{{closure}}::hd7465c742e79e1bb
Dec 02 15:12:41.933 INFO [stdout]                                at libstd/panicking.rs:211
Dec 02 15:12:41.933 INFO [stdout]    3:     0x7f3f9bd669ee - std::panicking::default_hook::h9e3966f2aa2a6e12
Dec 02 15:12:41.933 INFO [stdout]                                at libstd/panicking.rs:221
Dec 02 15:12:41.933 INFO [stdout]    4:     0x7f3f9def1951 - rustc::util::common::panic_hook::h27965632b67fe74e
Dec 02 15:12:41.933 INFO [stdout]    5:     0x7f3f9bd674e6 - std::panicking::rust_panic_with_hook::h587f091ae747d080
Dec 02 15:12:41.933 INFO [stdout]                                at libstd/panicking.rs:480
Dec 02 15:12:41.933 INFO [stdout]    6:     0x557dfe31fb17 - std::panicking::begin_panic::hcef7ac517f7efe0f
Dec 02 15:12:41.933 INFO [stdout]                                at libstd/panicking.rs:410
Dec 02 15:12:41.933 INFO [stdout]    7:     0x557dfe4b3cc7 - <rustdoc::test::Collector as rustdoc::test::Tester>::add_test::{{closure}}::{{closure}}::{{closure}}::h1a7d462b7674a13e
Dec 02 15:12:41.933 INFO [stdout]                                at librustdoc/test.rs:332
Dec 02 15:12:41.933 INFO [stdout]                                at librustdoc/test.rs:596
Dec 02 15:12:41.933 INFO [stdout]    8:     0x557dfe4691f8 - <scoped_tls::ScopedKey<T>>::set::h9a299037e2efdd79
Dec 02 15:12:41.933 INFO [stdout]                                at /cargo/registry/src/github.com-1ecc6299db9ec823/scoped-tls-0.1.2/src/lib.rs:155
Dec 02 15:12:41.933 INFO [stdout]                                at libsyntax/lib.rs:106
Dec 02 15:12:41.933 INFO [stdout]                                at /cargo/registry/src/github.com-1ecc6299db9ec823/scoped-tls-0.1.2/src/lib.rs:155
Dec 02 15:12:41.933 INFO [stdout]    9:     0x557dfe26d601 - syntax::with_globals::hc9a23e436a64729f
Dec 02 15:12:41.933 INFO [stdout]                                at libsyntax/lib.rs:105
Dec 02 15:12:41.933 INFO [stdout]   10:     0x557dfe31fdbb - std::panicking::try::do_call::hd95e3a92339aa7c0
Dec 02 15:12:41.933 INFO [stdout]                                at librustdoc/test.rs:593
Dec 02 15:12:41.933 INFO [stdout]                                at libstd/panic.rs:313
Dec 02 15:12:41.933 INFO [stdout]                                at libstd/panicking.rs:310
Dec 02 15:12:41.933 INFO [stdout]   11:     0x7f3f9bd74cd9 - __rust_maybe_catch_panic
Dec 02 15:12:41.933 INFO [stdout]                                at libpanic_unwind/lib.rs:102
Dec 02 15:12:41.933 INFO [stdout]   12:     0x557dfe342f49 - rustc_driver::in_named_rustc_thread::h5d5326e5f9843b1f
Dec 02 15:12:41.933 INFO [stdout]                                at libstd/panicking.rs:289
Dec 02 15:12:41.933 INFO [stdout]                                at libstd/panic.rs:392
Dec 02 15:12:41.933 INFO [stdout]                                at librustc_driver/lib.rs:1546
Dec 02 15:12:41.933 INFO [stdout]   13:     0x557dfe481eb0 - <F as alloc::boxed::FnBox<A>>::call_box::h85b70bbf522f8d35
Dec 02 15:12:41.933 INFO [stdout]                                at librustdoc/test.rs:593
Dec 02 15:12:41.933 INFO [stdout]                                at liballoc/boxed.rs:672
Dec 02 15:12:41.933 INFO [stdout]   14:     0x7f3f9d3d6022 - <F as alloc::boxed::FnBox<A>>::call_box::h37f4bb882553d58c
Dec 02 15:12:41.933 INFO [stdout]                                at libtest/lib.rs:1461
Dec 02 15:12:41.933 INFO [stdout]                                at liballoc/boxed.rs:672
Dec 02 15:12:41.933 INFO [stdout]   15:     0x7f3f9bd74cd9 - __rust_maybe_catch_panic
Dec 02 15:12:41.933 INFO [stdout]                                at libpanic_unwind/lib.rs:102
Dec 02 15:12:41.933 INFO [stdout]   16:     0x7f3f9d3fe462 - std::sys_common::backtrace::__rust_begin_short_backtrace::hb8f0d0309526c184
Dec 02 15:12:41.933 INFO [stdout]                                at libstd/panicking.rs:289
Dec 02 15:12:41.933 INFO [stdout]                                at libstd/panic.rs:392
Dec 02 15:12:41.933 INFO [stdout]                                at libtest/lib.rs:1423
Dec 02 15:12:41.933 INFO [stdout]                                at libstd/sys_common/backtrace.rs:136
Dec 02 15:12:41.933 INFO [stdout]   17:     0x7f3f9d3ff204 - std::panicking::try::do_call::hc2f7c8b9a348d8db
Dec 02 15:12:41.933 INFO [stdout]                                at libstd/thread/mod.rs:409
Dec 02 15:12:41.933 INFO [stdout]                                at libstd/panic.rs:313
Dec 02 15:12:41.933 INFO [stdout]                                at libstd/panicking.rs:310
Dec 02 15:12:41.933 INFO [stdout]   18:     0x7f3f9bd74cd9 - __rust_maybe_catch_panic
Dec 02 15:12:41.933 INFO [stdout]                                at libpanic_unwind/lib.rs:102
Dec 02 15:12:41.933 INFO [stdout]   19:     0x7f3f9d3e794c - <F as alloc::boxed::FnBox<A>>::call_box::h6bfded618e480b32
Dec 02 15:12:41.933 INFO [stdout]                                at libstd/panicking.rs:289
Dec 02 15:12:41.933 INFO [stdout]                                at libstd/panic.rs:392
Dec 02 15:12:41.933 INFO [stdout]                                at libstd/thread/mod.rs:408
Dec 02 15:12:41.933 INFO [stdout]                                at liballoc/boxed.rs:672
Dec 02 15:12:41.933 INFO [stdout]   20:     0x7f3f9bd61c9d - std::sys_common::thread::start_thread::h4c28257d67cdf9cb
Dec 02 15:12:41.933 INFO [stdout]                                at liballoc/boxed.rs:682
Dec 02 15:12:41.933 INFO [stdout]                                at libstd/sys_common/thread.rs:24
Dec 02 15:12:41.933 INFO [stdout]   21:     0x7f3f9bd374d5 - std::sys::unix::thread::Thread::new::thread_start::hfecb2e7eff8fd34f
Dec 02 15:12:41.933 INFO [stdout]                                at libstd/sys/unix/thread.rs:90
Dec 02 15:12:41.933 INFO [stdout]   22:     0x7f3f9b8c36b9 - start_thread
Dec 02 15:12:41.933 INFO [stdout]   23:     0x7f3f9b3e341c - clone
Dec 02 15:12:41.933 INFO [stdout]   24:                0x0 - <unknown>
Dec 02 15:12:41.933 INFO [stdout] query stack during panic:
Dec 02 15:12:41.933 INFO [stdout] end of query stack
Dec 02 15:12:41.933 INFO [stdout] 
Dec 02 15:12:41.933 INFO [stdout] 
Dec 02 15:12:41.933 INFO [stdout] failures:
Dec 02 15:12:41.933 INFO [stdout]     README.md - Examples (line 12)
Dec 02 15:12:41.933 INFO [stdout]     README.md - Examples (line 31)
Dec 02 15:12:41.933 INFO [stdout] 
Dec 02 15:12:41.933 INFO [stdout] test result: FAILED. 0 passed; 2 failed; 0 ignored; 0 measured; 0 filtered out
Dec 02 15:12:41.934 INFO [stdout] 
Dec 02 15:12:41.966 INFO [stdout] test tests::readme_test ... FAILED
Dec 02 15:12:41.966 INFO [stdout] 
Dec 02 15:12:41.966 INFO [stdout] failures:
Dec 02 15:12:41.966 INFO [stdout] 
Dec 02 15:12:41.966 INFO [stdout] ---- tests::readme_test stdout ----
Dec 02 15:12:41.966 INFO [stdout] "rustdoc" "--verbose" "--test" "-L" "/target/debug/deps" "README.md"
Dec 02 15:12:41.966 INFO [stdout] thread 'tests::readme_test' panicked at 'Failed to run rustdoc tests on README.md!', src/lib.rs:187:9
Dec 02 15:12:41.966 INFO [stdout] stack backtrace:
Dec 02 15:12:41.966 INFO [stdout]    0:     0x5583d2f1adef - std::sys::unix::backtrace::tracing::imp::unwind_backtrace::h3a8b83e1922cbdde
Dec 02 15:12:41.966 INFO [stdout]                                at libstd/sys/unix/backtrace/tracing/gcc_s.rs:49
Dec 02 15:12:41.966 INFO [stdout]    1:     0x5583d2f27457 - std::sys_common::backtrace::print::h00d3155a29b4020f
Dec 02 15:12:41.966 INFO [stdout]                                at libstd/sys_common/backtrace.rs:71
Dec 02 15:12:41.966 INFO [stdout]                                at libstd/sys_common/backtrace.rs:59
Dec 02 15:12:41.966 INFO [stdout]    2:     0x5583d2f1ff2f - std::panicking::default_hook::{{closure}}::hd7465c742e79e1bb
Dec 02 15:12:41.966 INFO [stdout]                                at libstd/panicking.rs:211
Dec 02 15:12:41.966 INFO [stdout]    3:     0x5583d2f1fc2e - std::panicking::default_hook::h9e3966f2aa2a6e12
Dec 02 15:12:41.966 INFO [stdout]                                at libstd/panicking.rs:221
Dec 02 15:12:41.966 INFO [stdout]    4:     0x5583d2f2060e - std::panicking::rust_panic_with_hook::h587f091ae747d080
Dec 02 15:12:41.966 INFO [stdout]                                at libstd/panicking.rs:476
Dec 02 15:12:41.966 INFO [stdout]    5:     0x5583d2ebd113 - std::panicking::begin_panic::he80845c3ba8db33f
Dec 02 15:12:41.966 INFO [stdout]                                at libstd/panicking.rs:410
Dec 02 15:12:41.966 INFO [stdout]    6:     0x5583d2ec6a4d - strip_ansi_escapes::tests::readme_test::h50e33dee1ac79552
Dec 02 15:12:41.966 INFO [stdout]                                at src/lib.rs:187
Dec 02 15:12:41.966 INFO [stdout]    7:     0x5583d2ec65f9 - strip_ansi_escapes::tests::readme_test::{{closure}}::h5f23e9d3e6775e79
Dec 02 15:12:41.966 INFO [stdout]                                at src/lib.rs:173
Dec 02 15:12:41.966 INFO [stdout]    8:     0x5583d2eb6abd - core::ops::function::FnOnce::call_once::h95701c5cd3ac43a0
Dec 02 15:12:41.966 INFO [stdout]                                at libcore/ops/function.rs:238
Dec 02 15:12:41.966 INFO [stdout]    9:     0x5583d2ec9dde - <F as alloc::boxed::FnBox<A>>::call_box::hac903f91577a156c
Dec 02 15:12:41.966 INFO [stdout]                                at libtest/lib.rs:1468
Dec 02 15:12:41.966 INFO [stdout]                                at libcore/ops/function.rs:238
Dec 02 15:12:41.966 INFO [stdout]                                at liballoc/boxed.rs:672
Dec 02 15:12:41.966 INFO [stdout]   10:     0x5583d2f32409 - __rust_maybe_catch_panic
Dec 02 15:12:41.966 INFO [stdout]                                at libpanic_unwind/lib.rs:102
Dec 02 15:12:41.966 INFO [stdout]   11:     0x5583d2eeba32 - std::sys_common::backtrace::__rust_begin_short_backtrace::hb8f0d0309526c184
Dec 02 15:12:41.966 INFO [stdout]                                at libstd/panicking.rs:289
Dec 02 15:12:41.966 INFO [stdout]                                at libstd/panic.rs:392
Dec 02 15:12:41.966 INFO [stdout]                                at libtest/lib.rs:1423
Dec 02 15:12:41.966 INFO [stdout]                                at libstd/sys_common/backtrace.rs:136
Dec 02 15:12:41.966 INFO [stdout]   12:     0x5583d2eec4e4 - std::panicking::try::do_call::hc2f7c8b9a348d8db
Dec 02 15:12:41.966 INFO [stdout]                                at libstd/thread/mod.rs:409
Dec 02 15:12:41.966 INFO [stdout]                                at libstd/panic.rs:313
Dec 02 15:12:41.966 INFO [stdout]                                at libstd/panicking.rs:310
Dec 02 15:12:41.966 INFO [stdout]   13:     0x5583d2f32409 - __rust_maybe_catch_panic
Dec 02 15:12:41.966 INFO [stdout]                                at libpanic_unwind/lib.rs:102
Dec 02 15:12:41.966 INFO [stdout]   14:     0x5583d2ed971c - <F as alloc::boxed::FnBox<A>>::call_box::h6bfded618e480b32
Dec 02 15:12:41.966 INFO [stdout]                                at libstd/panicking.rs:289
Dec 02 15:12:41.966 INFO [stdout]                                at libstd/panic.rs:392
Dec 02 15:12:41.966 INFO [stdout]                                at libstd/thread/mod.rs:408
Dec 02 15:12:41.966 INFO [stdout]                                at liballoc/boxed.rs:672
Dec 02 15:12:41.966 INFO [stdout]   15:     0x5583d2f1d24d - std::sys_common::thread::start_thread::h4c28257d67cdf9cb
Dec 02 15:12:41.966 INFO [stdout]                                at liballoc/boxed.rs:682
Dec 02 15:12:41.966 INFO [stdout]                                at libstd/sys_common/thread.rs:24
Dec 02 15:12:41.966 INFO [stdout]   16:     0x5583d2f0ffa5 - std::sys::unix::thread::Thread::new::thread_start::hfecb2e7eff8fd34f
Dec 02 15:12:41.966 INFO [stdout]                                at libstd/sys/unix/thread.rs:90
Dec 02 15:12:41.966 INFO [stdout]   17:     0x7f795741e6b9 - start_thread
Dec 02 15:12:41.966 INFO [stdout]   18:     0x7f7956f3e41c - clone
Dec 02 15:12:41.966 INFO [stdout]   19:                0x0 - <unknown>
Dec 02 15:12:41.966 INFO [stdout] 
Dec 02 15:12:41.966 INFO [stdout] 
Dec 02 15:12:41.966 INFO [stdout] failures:
Dec 02 15:12:41.966 INFO [stdout]     tests::readme_test
Dec 02 15:12:41.966 INFO [stdout] 
Dec 02 15:12:41.966 INFO [stdout] test result: FAILED. 3 passed; 1 failed; 0 ignored; 0 measured; 0 filtered out
Dec 02 15:12:41.966 INFO [stdout] 
Dec 02 15:12:41.968 INFO [stderr] error: test failed, to rerun pass '--lib'
Dec 02 15:12:41.975 INFO [stderr] su: No module specific data is present
Dec 02 15:12:43.022 INFO running `"docker" "inspect" "7f241f6f47545504f180939351a9a7b0f4896da78fa13abb653a3b65fc7be8bb"`
Dec 02 15:12:43.487 INFO running `"docker" "rm" "-f" "7f241f6f47545504f180939351a9a7b0f4896da78fa13abb653a3b65fc7be8bb"`
Dec 02 15:12:43.875 INFO [stdout] 7f241f6f47545504f180939351a9a7b0f4896da78fa13abb653a3b65fc7be8bb
